{"id":1042,"date":"2026-04-06T14:49:24","date_gmt":"2026-04-06T14:49:24","guid":{"rendered":"https:\/\/tisol.cl\/?page_id=1042"},"modified":"2026-04-06T14:49:32","modified_gmt":"2026-04-06T14:49:32","slug":"totems-kioskos","status":"publish","type":"page","link":"https:\/\/tisol.cl\/index.php\/totems-kioskos\/","title":{"rendered":"Totems \/ Kioskos"},"content":{"rendered":"\n<p><\/p>\n\n\n\n<p>Los <strong>t\u00f3tems o kioskos de autoservicio<\/strong> son soluciones tecnol\u00f3gicas dise\u00f1adas para optimizar la atenci\u00f3n al cliente mediante interfaces interactivas, \u00e1giles y f\u00e1ciles de usar. Estos dispositivos permiten a los usuarios realizar acciones de manera aut\u00f3noma, como consultas, pagos, registros o solicitudes, reduciendo tiempos de espera y mejorando la eficiencia operativa.<\/p>\n\n\n\n<p>Gracias a su dise\u00f1o intuitivo y personalizable, los kioskos de autoservicio se adaptan a diversos entornos, como empresas, comercios, instituciones p\u00fablicas, cl\u00ednicas y centros de atenci\u00f3n. Integran funcionalidades como pantallas t\u00e1ctiles, sistemas de pago, impresi\u00f3n de tickets, validaci\u00f3n de datos y conexi\u00f3n con plataformas internas.<\/p>\n\n\n\n<p>Su implementaci\u00f3n no solo mejora la experiencia del usuario, sino que tambi\u00e9n optimiza recursos, disminuye la carga operativa del personal y fortalece la imagen innovadora de la organizaci\u00f3n. Los t\u00f3tems de autoservicio representan una soluci\u00f3n moderna, eficiente y escalable para empresas que buscan avanzar hacia la transformaci\u00f3n digital.<\/p>\n\n\n\n<div id=\"wp-block-themeisle-blocks-slider-114967ff\" class=\"wp-block-themeisle-blocks-slider glide\" data-per-view=\"1\" data-gap=\"0\" data-peek=\"0\" data-autoplay=\"true\" data-height=\"400px\" data-hide-arrows=\"false\"><div class=\"glide__track\" data-glide-el=\"track\"><div class=\"glide__slides\"><div class=\"wp-block-themeisle-blocks-slider-item-wrapper glide__slide\" tabindex=\"0\"><figure><img decoding=\"async\" class=\"wp-block-themeisle-blocks-slider-item\" src=\"https:\/\/tisol.cl\/wp-content\/uploads\/2026\/03\/directorio-digital-pantallas-profesionales-ibima2.jpg\" alt=\"\" title=\"\" data-id=\"1023\"\/><\/figure><\/div><div class=\"wp-block-themeisle-blocks-slider-item-wrapper glide__slide\" tabindex=\"0\"><figure><img decoding=\"async\" class=\"wp-block-themeisle-blocks-slider-item\" src=\"https:\/\/tisol.cl\/wp-content\/uploads\/2026\/03\/images-1-2.jpg\" alt=\"\" title=\"\" data-id=\"1024\"\/><\/figure><\/div><div class=\"wp-block-themeisle-blocks-slider-item-wrapper glide__slide\" tabindex=\"0\"><figure><img decoding=\"async\" class=\"wp-block-themeisle-blocks-slider-item\" src=\"https:\/\/tisol.cl\/wp-content\/uploads\/2026\/03\/images-2-1.jpg\" alt=\"\" title=\"\" data-id=\"1026\"\/><\/figure><\/div><div class=\"wp-block-themeisle-blocks-slider-item-wrapper glide__slide\" tabindex=\"0\"><figure><img decoding=\"async\" class=\"wp-block-themeisle-blocks-slider-item\" src=\"https:\/\/tisol.cl\/wp-content\/uploads\/2026\/03\/images-2.jpg\" alt=\"\" title=\"\" data-id=\"1025\"\/><\/figure><\/div><\/div><div class=\"glide__bullets\" data-glide-el=\"controls[nav]\"><button class=\"glide__bullet\" data-glide-dir=\"=0\"><\/button><button class=\"glide__bullet\" data-glide-dir=\"=1\"><\/button><button class=\"glide__bullet\" data-glide-dir=\"=2\"><\/button><button class=\"glide__bullet\" data-glide-dir=\"=3\"><\/button><\/div><\/div><\/div>\n\n\n\n<p><\/p>\n\n\n\n<p><\/p>\n\n\n\n<div class=\"wp-block-buttons is-content-justification-center is-layout-flex wp-container-core-buttons-is-layout-16018d1d wp-block-buttons-is-layout-flex\">\n<div class=\"wp-block-button\"><a class=\"wp-block-button__link has-text-align-center wp-element-button\">Ver Productos<\/a><\/div>\n<\/div>\n\n\n\n<p><\/p>\n","protected":false},"excerpt":{"rendered":"<p>Los t\u00f3tems o kioskos de autoservicio son soluciones tecnol\u00f3gicas dise\u00f1adas para optimizar la atenci\u00f3n al cliente mediante interfaces interactivas, \u00e1giles y f\u00e1ciles de usar. Estos dispositivos permiten a los usuarios realizar acciones de manera aut\u00f3noma, como consultas, pagos, registros o solicitudes, reduciendo tiempos de espera y mejorando la eficiencia operativa. Gracias a su dise\u00f1o intuitivo&hellip;&nbsp;<a href=\"https:\/\/tisol.cl\/index.php\/totems-kioskos\/\" rel=\"bookmark\"><span class=\"screen-reader-text\">Totems \/ Kioskos<\/span><\/a><\/p>\n","protected":false},"author":1,"featured_media":0,"parent":0,"menu_order":0,"comment_status":"closed","ping_status":"closed","template":"","meta":{"neve_meta_sidebar":"","neve_meta_container":"","neve_meta_enable_content_width":"off","neve_meta_content_width":0,"neve_meta_title_alignment":"","neve_meta_author_avatar":"","neve_post_elements_order":"","neve_meta_disable_header":"","neve_meta_disable_footer":"","neve_meta_disable_title":"","_themeisle_gutenberg_block_has_review":false,"_kadence_starter_templates_imported_post":false,"footnotes":""},"class_list":["post-1042","page","type-page","status-publish","hentry"],"yoast_head":"<!-- This site is optimized with the Yoast SEO plugin v27.1.1 - https:\/\/yoast.com\/product\/yoast-seo-wordpress\/ -->\n<title>Totems \/ Kioskos - Tisol<\/title>\n<meta name=\"robots\" content=\"index, follow, max-snippet:-1, max-image-preview:large, max-video-preview:-1\" \/>\n<link rel=\"canonical\" href=\"https:\/\/tisol.cl\/index.php\/totems-kioskos\/\" \/>\n<meta property=\"og:locale\" content=\"es_ES\" \/>\n<meta property=\"og:type\" content=\"article\" \/>\n<meta property=\"og:title\" content=\"Totems \/ Kioskos - Tisol\" \/>\n<meta property=\"og:description\" content=\"Los t\u00f3tems o kioskos de autoservicio son soluciones tecnol\u00f3gicas dise\u00f1adas para optimizar la atenci\u00f3n al cliente mediante interfaces interactivas, \u00e1giles y f\u00e1ciles de usar. Estos dispositivos permiten a los usuarios realizar acciones de manera aut\u00f3noma, como consultas, pagos, registros o solicitudes, reduciendo tiempos de espera y mejorando la eficiencia operativa. Gracias a su dise\u00f1o intuitivo&hellip;&nbsp;Totems \/ Kioskos\" \/>\n<meta property=\"og:url\" content=\"https:\/\/tisol.cl\/index.php\/totems-kioskos\/\" \/>\n<meta property=\"og:site_name\" content=\"Tisol\" \/>\n<meta property=\"article:modified_time\" content=\"2026-04-06T14:49:32+00:00\" \/>\n<meta property=\"og:image\" content=\"https:\/\/tisol.cl\/wp-content\/uploads\/2026\/03\/directorio-digital-pantallas-profesionales-ibima2.jpg\" \/>\n<meta name=\"twitter:card\" content=\"summary_large_image\" \/>\n<meta name=\"twitter:label1\" content=\"Tiempo de lectura\" \/>\n\t<meta name=\"twitter:data1\" content=\"2 minutos\" \/>\n<script type=\"application\/ld+json\" class=\"yoast-schema-graph\">{\"@context\":\"https:\/\/schema.org\",\"@graph\":[{\"@type\":\"WebPage\",\"@id\":\"https:\/\/tisol.cl\/index.php\/totems-kioskos\/\",\"url\":\"https:\/\/tisol.cl\/index.php\/totems-kioskos\/\",\"name\":\"Totems \/ Kioskos - Tisol\",\"isPartOf\":{\"@id\":\"https:\/\/tisol.cl\/#website\"},\"primaryImageOfPage\":{\"@id\":\"https:\/\/tisol.cl\/index.php\/totems-kioskos\/#primaryimage\"},\"image\":{\"@id\":\"https:\/\/tisol.cl\/index.php\/totems-kioskos\/#primaryimage\"},\"thumbnailUrl\":\"https:\/\/tisol.cl\/wp-content\/uploads\/2026\/03\/directorio-digital-pantallas-profesionales-ibima2.jpg\",\"datePublished\":\"2026-04-06T14:49:24+00:00\",\"dateModified\":\"2026-04-06T14:49:32+00:00\",\"breadcrumb\":{\"@id\":\"https:\/\/tisol.cl\/index.php\/totems-kioskos\/#breadcrumb\"},\"inLanguage\":\"es\",\"potentialAction\":[{\"@type\":\"ReadAction\",\"target\":[\"https:\/\/tisol.cl\/index.php\/totems-kioskos\/\"]}]},{\"@type\":\"ImageObject\",\"inLanguage\":\"es\",\"@id\":\"https:\/\/tisol.cl\/index.php\/totems-kioskos\/#primaryimage\",\"url\":\"https:\/\/tisol.cl\/wp-content\/uploads\/2026\/03\/directorio-digital-pantallas-profesionales-ibima2.jpg\",\"contentUrl\":\"https:\/\/tisol.cl\/wp-content\/uploads\/2026\/03\/directorio-digital-pantallas-profesionales-ibima2.jpg\",\"width\":1800,\"height\":1124},{\"@type\":\"BreadcrumbList\",\"@id\":\"https:\/\/tisol.cl\/index.php\/totems-kioskos\/#breadcrumb\",\"itemListElement\":[{\"@type\":\"ListItem\",\"position\":1,\"name\":\"Portada\",\"item\":\"https:\/\/tisol.cl\/\"},{\"@type\":\"ListItem\",\"position\":2,\"name\":\"Totems \/ Kioskos\"}]},{\"@type\":\"WebSite\",\"@id\":\"https:\/\/tisol.cl\/#website\",\"url\":\"https:\/\/tisol.cl\/\",\"name\":\"Tisol\",\"description\":\"\",\"publisher\":{\"@id\":\"https:\/\/tisol.cl\/#organization\"},\"potentialAction\":[{\"@type\":\"SearchAction\",\"target\":{\"@type\":\"EntryPoint\",\"urlTemplate\":\"https:\/\/tisol.cl\/?s={search_term_string}\"},\"query-input\":{\"@type\":\"PropertyValueSpecification\",\"valueRequired\":true,\"valueName\":\"search_term_string\"}}],\"inLanguage\":\"es\"},{\"@type\":\"Organization\",\"@id\":\"https:\/\/tisol.cl\/#organization\",\"name\":\"Tisol\",\"url\":\"https:\/\/tisol.cl\/\",\"logo\":{\"@type\":\"ImageObject\",\"inLanguage\":\"es\",\"@id\":\"https:\/\/tisol.cl\/#\/schema\/logo\/image\/\",\"url\":\"https:\/\/tisol.cl\/wp-content\/uploads\/2026\/03\/cropped-WhatsApp-Image-2026-03-08-at-10.36.34-AM.jpeg\",\"contentUrl\":\"https:\/\/tisol.cl\/wp-content\/uploads\/2026\/03\/cropped-WhatsApp-Image-2026-03-08-at-10.36.34-AM.jpeg\",\"width\":267,\"height\":77,\"caption\":\"Tisol\"},\"image\":{\"@id\":\"https:\/\/tisol.cl\/#\/schema\/logo\/image\/\"}}]}<\/script>\n<!-- \/ Yoast SEO plugin. -->","yoast_head_json":{"title":"Totems \/ Kioskos - Tisol","robots":{"index":"index","follow":"follow","max-snippet":"max-snippet:-1","max-image-preview":"max-image-preview:large","max-video-preview":"max-video-preview:-1"},"canonical":"https:\/\/tisol.cl\/index.php\/totems-kioskos\/","og_locale":"es_ES","og_type":"article","og_title":"Totems \/ Kioskos - Tisol","og_description":"Los t\u00f3tems o kioskos de autoservicio son soluciones tecnol\u00f3gicas dise\u00f1adas para optimizar la atenci\u00f3n al cliente mediante interfaces interactivas, \u00e1giles y f\u00e1ciles de usar. Estos dispositivos permiten a los usuarios realizar acciones de manera aut\u00f3noma, como consultas, pagos, registros o solicitudes, reduciendo tiempos de espera y mejorando la eficiencia operativa. Gracias a su dise\u00f1o intuitivo&hellip;&nbsp;Totems \/ Kioskos","og_url":"https:\/\/tisol.cl\/index.php\/totems-kioskos\/","og_site_name":"Tisol","article_modified_time":"2026-04-06T14:49:32+00:00","og_image":[{"url":"https:\/\/tisol.cl\/wp-content\/uploads\/2026\/03\/directorio-digital-pantallas-profesionales-ibima2.jpg","type":"","width":"","height":""}],"twitter_card":"summary_large_image","twitter_misc":{"Tiempo de lectura":"2 minutos"},"schema":{"@context":"https:\/\/schema.org","@graph":[{"@type":"WebPage","@id":"https:\/\/tisol.cl\/index.php\/totems-kioskos\/","url":"https:\/\/tisol.cl\/index.php\/totems-kioskos\/","name":"Totems \/ Kioskos - Tisol","isPartOf":{"@id":"https:\/\/tisol.cl\/#website"},"primaryImageOfPage":{"@id":"https:\/\/tisol.cl\/index.php\/totems-kioskos\/#primaryimage"},"image":{"@id":"https:\/\/tisol.cl\/index.php\/totems-kioskos\/#primaryimage"},"thumbnailUrl":"https:\/\/tisol.cl\/wp-content\/uploads\/2026\/03\/directorio-digital-pantallas-profesionales-ibima2.jpg","datePublished":"2026-04-06T14:49:24+00:00","dateModified":"2026-04-06T14:49:32+00:00","breadcrumb":{"@id":"https:\/\/tisol.cl\/index.php\/totems-kioskos\/#breadcrumb"},"inLanguage":"es","potentialAction":[{"@type":"ReadAction","target":["https:\/\/tisol.cl\/index.php\/totems-kioskos\/"]}]},{"@type":"ImageObject","inLanguage":"es","@id":"https:\/\/tisol.cl\/index.php\/totems-kioskos\/#primaryimage","url":"https:\/\/tisol.cl\/wp-content\/uploads\/2026\/03\/directorio-digital-pantallas-profesionales-ibima2.jpg","contentUrl":"https:\/\/tisol.cl\/wp-content\/uploads\/2026\/03\/directorio-digital-pantallas-profesionales-ibima2.jpg","width":1800,"height":1124},{"@type":"BreadcrumbList","@id":"https:\/\/tisol.cl\/index.php\/totems-kioskos\/#breadcrumb","itemListElement":[{"@type":"ListItem","position":1,"name":"Portada","item":"https:\/\/tisol.cl\/"},{"@type":"ListItem","position":2,"name":"Totems \/ Kioskos"}]},{"@type":"WebSite","@id":"https:\/\/tisol.cl\/#website","url":"https:\/\/tisol.cl\/","name":"Tisol","description":"","publisher":{"@id":"https:\/\/tisol.cl\/#organization"},"potentialAction":[{"@type":"SearchAction","target":{"@type":"EntryPoint","urlTemplate":"https:\/\/tisol.cl\/?s={search_term_string}"},"query-input":{"@type":"PropertyValueSpecification","valueRequired":true,"valueName":"search_term_string"}}],"inLanguage":"es"},{"@type":"Organization","@id":"https:\/\/tisol.cl\/#organization","name":"Tisol","url":"https:\/\/tisol.cl\/","logo":{"@type":"ImageObject","inLanguage":"es","@id":"https:\/\/tisol.cl\/#\/schema\/logo\/image\/","url":"https:\/\/tisol.cl\/wp-content\/uploads\/2026\/03\/cropped-WhatsApp-Image-2026-03-08-at-10.36.34-AM.jpeg","contentUrl":"https:\/\/tisol.cl\/wp-content\/uploads\/2026\/03\/cropped-WhatsApp-Image-2026-03-08-at-10.36.34-AM.jpeg","width":267,"height":77,"caption":"Tisol"},"image":{"@id":"https:\/\/tisol.cl\/#\/schema\/logo\/image\/"}}]}},"_links":{"self":[{"href":"https:\/\/tisol.cl\/index.php\/wp-json\/wp\/v2\/pages\/1042","targetHints":{"allow":["GET"]}}],"collection":[{"href":"https:\/\/tisol.cl\/index.php\/wp-json\/wp\/v2\/pages"}],"about":[{"href":"https:\/\/tisol.cl\/index.php\/wp-json\/wp\/v2\/types\/page"}],"author":[{"embeddable":true,"href":"https:\/\/tisol.cl\/index.php\/wp-json\/wp\/v2\/users\/1"}],"replies":[{"embeddable":true,"href":"https:\/\/tisol.cl\/index.php\/wp-json\/wp\/v2\/comments?post=1042"}],"version-history":[{"count":2,"href":"https:\/\/tisol.cl\/index.php\/wp-json\/wp\/v2\/pages\/1042\/revisions"}],"predecessor-version":[{"id":1044,"href":"https:\/\/tisol.cl\/index.php\/wp-json\/wp\/v2\/pages\/1042\/revisions\/1044"}],"wp:attachment":[{"href":"https:\/\/tisol.cl\/index.php\/wp-json\/wp\/v2\/media?parent=1042"}],"curies":[{"name":"wp","href":"https:\/\/api.w.org\/{rel}","templated":true}]}}